 by l(47)?
7
Let b be (-2)/(2/(-4)*1). Suppose 547 = -b*n + 619. What is the remainder when 54 is divided by n?
0
Let h(z) = -5*z**2 - 6*z + 7. Let s be h(1). Calculate the remainder when 97 is divided by ((-30)/(-1))/(-5)*22/s.
31
Let k = 148425 - 105048. Calculate the remainder when k is divided by 90.
87
Let i(m) = 3*m**3 - 5*m**2 + 39*m - 268. What is the remainder when 1246 is divided by i(6)?
378
Let t be -4 - (3 + (-17 - 5)). What is the remainder when 34 is divided by t + ((-8)/(-5))/(4/(-10))?
1
Let q = 6420 - 4415. What is the remainder when q is divided by 251?
248
Let w = 9554 - 9182. Calculate the remainder when w is divided by 132.
108
Let z be 30/16 - ((-423)/(-72) + -6). Suppose z*q + 3 = 49. Let v = -49 + 139. Calculate the remainder when v is divided by q.
21
Let r(y) = 2*y**3 - 37*y**2 - 37*y - 194. What is the remainder when r(20) is divided by 92?
82
Let k(y) = -y**3 - y**2 - 3*y - 4. Let q be k(-2). Suppose 0 = 5*i + q*i + 880. What is the remainder when 21 is divided by ((-3)/(-2))/(3*(-5)/i)?
5
Let v(r) = -3*r - 9. Let t = 35 + -39. Let o = -40 - -43. Calculate the remainder when o is divided by v(t).
0
Suppose 2*f = -2*d + 174, -8*d = -10*d - 4*f + 174. Suppose -4*u + d = 27. Calculate the remainder when 58 is divided by u.
13
Let a(l) = 2*l - 18. Let x be a(10). Suppose x*j = -0 - 8. Let q(k) = k**3 + 6*k**2 - 1. What is the remainder when q(j) is divided by 16?
15
Suppose 5*b - 4*m + 15 = 0, 0 = 4*b + 3*m + 90 - 47. Let t(s) = -s**2 - 7*s + 11. Calculate the remainder when t(b) is divided by 5.
1
Let q(k) = -7*k + 116. Let f = 2518 - 2428. Calculate the remainder when f is divided by q(10).
44
Let g be (3 - 0)/(4/36). Let k = -3 - -5. Suppose -c = -k*m + 42, 2*m - 2*c - g = m. What is the remainder when 35 is divided by m?
16
Suppose -f + 8 = 3*f. Let g(b) be the third derivative of 11*b**4/24 + 13*b**3/2 - 81*b**2. What is the remainder when g(-3) is divided by f?
0
Suppose -n = z + 106, -z - 4*n = 4*z + 530. Let x = 133 + z. What is the remainder when x is divided by 9?
0
Let u(c) = -c**3 - 56*c**2 + 48*c - 461. Calculate the remainder when 465 is divided by u(-57).
49
Suppose 582 = 19*d - 596. Calculate the remainder when 8924 is divided by d.
58
Suppose 57*m - 8*m - 4400 = 24*m. Suppose -111 - 69 = -4*y. What is the remainder when m is divided by y?
41
Calculate the remainder when -13 + 32 - 72573/(-17) is divided by 130.
128
Suppose -22012 = 10*a - 46*a + 22556. Calculate the remainder when a is divided by 31.
29
Suppose -d + 1 = 0, -4*o - d + 364 - 55 = 0. What is the remainder when 77 is divided by o?
0
Suppose 2349*u = 2292*u + 3420. Calculate the remainder when 209 is divided by u.
29
Suppose -4*o - 88 = -6*o. Let c = -7767 - -7938. What is the remainder when c is divided by o?
39
What is the remainder when (114330/(-45))/37*(-66)/4 is divided by (-80)/16*(-108)/10?
53
Suppose -4*s + 19*s - 115 = -8*s. Let b = 168 + -114. Suppose -s*r = -266 - b. What is the remainder when r is divided by 19?
7
Let z(n) = 438*n - 4117. What is the remainder when 12097 is divided by z(10)?
262
Suppose 323 = -122*c + 1909. Let b be (0/(-2))/((-3)/(-3)). Suppose -2*i + 344 = 4*y - b*i, 0 = -i - 4. What is the remainder when y is divided by c?
10
Let c(z) = -z**3 + 60*z**2 + z + 74. What is the remainder when 807 is divided by c(60)?
3
Let a(d) = -8 - 8 + 213*d - 187*d. Let m be a(6). Suppose 2*q - 9*q + m = 0. Calculate the remainder when q is divided by 6.
2
Suppose 0 = -k + w - 3*w + 14, -3*w = 3*k - 36. Suppose -4*z + 6 = -18. Let t = 10 + z. Calculate the remainder when t is divided by k.
6
Calculate the remainder when 2416 is divided by ((21483/(-539))/((-2)/7))/(6/8).
184
Suppose 17*t + 14*t - 18693 = 0. Calculate the remainder when t is divided by 204.
195
Suppose 2*u = -4*y + 220, 4*y - 115 = u + 105. Let l = 122 + 201. What is the remainder when l is divided by y?
48
Suppose -5*l = -312 + 277. Let i(t) = -t**2 + 15*t - 34. Let m = 17 + 5. Calculate the remainder when m is divided by i(l).
0
Let c = -19202 + 19271. Let d = -77 + 54. Let p = -5 - d. What is the remainder when c is divided by p?
15
Let s = -49 + 39. Let m be (0 + -2 + 1)/(2/s). Suppose -m*o + 1051 = 71. Calculate the remainder when o is divided by 33.
31
Suppose -3*f - 5*x = -37489, -3*f + 2*x + 13292 = -24204. Calculate the remainder when f is divided by 29.
28
Suppose 44*f - 481 = 13*f - 6*f. Let l = -51 - -113. Calculate the remainder when l is divided by f.
10
Suppose -4*d - 4*w + 136 = 0, -d = -3*w - 10 - 8. What is the remainder when d*((-7)/(-3) + 1)/2 is divided by 19?
12
Let w(j) = 711*j + 2535. Calculate the remainder when 1115 is divided by w(-2).
2
Let v(m) = 13*m - 188. What is the remainder when ((-182)/(-2))/(10/20) is divided by v(18)?
44
Let v(c) = 131*c**2 - 68*c + 4. Calculate the remainder when v(4) is divided by 38.
4
Suppose 7*l + 236 + 117 = 4*w, 2*w = -l + 199. Calculate the remainder when 363 is divided by w.
72
Suppose q - 2*d = 191 - 55, 4*q - d - 537 = 0. Suppose 0 = q*j - 136*j + 42. What is the remainder when 79 is divided by j?
16
Let y = 8368 + -8210. What is the remainder when 314 is divided by y?
156
Let v(i) = -38*i**3 - 2*i**2 + i + 2. Let t(z) = z**2 + 18*z - 20. Suppose 3*k = -4*k - 133. Let n be t(k). Calculate the remainder when 71 is divided by v(n).
34
Let b be 2 - 74/(-3)*-6. Suppose 45*k - 103 - 392 = 0. Calculate the remainder when 1/(-4) - b/8 is divided by k.
7
Let w(t) = -13*t + 217. Let u be w(16). Let d(a) = a**2 + 12*a - 45. Calculate the remainder when d(u) is divided by 52.
40
Let c = 22 - 6. What is the remainder when ((-4)/20)/((-17353)/(-1085) - 4 - 12) is divided by c?
15
Suppose -21 = -p - 0*p - 2*m, 3*p - 60 = -3*m. Calculate the remainder when 8/6 + 255/45 + 162 is divided by p.
17
Suppose 5*x + 2011 = b, 5*b + 1760 = -4*x + 128. Let u = x + 982. What is the remainder when u is divided by 7?
5
Let a = 4850 - 4051. Calculate the remainder when a is divided by 75.
49
Suppose 0*z + 6*z - 36 = 0. Let o(b) = -b**3 + 6*b**2 + 10*b + 14. Let u be o(z). Let j = u + -42. What is the remainder when j is divided by 5?
2
Let c = -1 - -11. Suppose 6*x - c = 2. Suppose -3*m + 183 = 3*g, -105 = -x*m - 4*g + 25. What is the remainder when m is divided by 15?
12
Let y(s) = -5*s + 6. Let a(k) = -2*k**3 - 200*k**2 + 247*k + 4685. What is the remainder when a(-101) is divided by y(-6)?
32
Calculate the remainder when 61 is divided by -84*(1*(-3)/(-48))/((-1)/4).
19
Suppose 0 = 49*t - 794 + 108. Let g(j) = 2*j**2 + 4. Calculate the remainder when g(-9) is divided by t.
12
Suppose 500 = 3*b - 5*h, -2*b - 3*h + 2044 - 1717 = 0. What is the remainder when 700 is divided by b?
40
Let c(j) = -j**2 - 16*j - 28. Let t(a) = -a**2 - a + 17. Suppose 15 = -0*w + 3*w. Let u be t(w). Calculate the remainder when 76 is divided by c(u).
10
Suppose 202 = 2*c + 64. Suppose 75*y - 30 = c*y. Suppose -15 = -5*b, g - 10 = 3*b - 4*b. What is the remainder when g is divided by y?
2
Suppose 3*s - 5385 = -q, -75*q + 70*q - 8935 = -5*s. What is the remainder when s is divided by 39?
38
Suppose j - f = -112, -115 + 677 = -5*j + 4*f. Let u = 151 + j. Calculate the remainder when 90 is divided by u.
16
Let v(w) = w**3 + 18*w**2 - 23*w - 27. Let l be v(-19). Suppose 3*a = 2*h + l, 3*h = 2*a + 2*h - 32. Calculate the remainder when 57 is divided by a.
12
Let l(a) = -a**2 - 44*a + 27. Let t be l(-21). Suppose 0 = 16*u - t + 14. Calculate the remainder when 73 is divided by u.
11
Let i = -181 - -200. Suppose y = -c + i, -5*c + 5*y = y - 95. What is the remainder when c is divided by 5?
4
Let c = 499 - 208. Let y = -279 + c. What is the remainder when 154 is divided by y?
10
Let h(b) = 8*b - 46. Let g be h(6). Suppose 0*o - m = 5*o - 107, 4*o + g*m - 82 = 0. Calculate the remainder when o is divided by 15.
7
Let g(s) = 26*s - 67. Let i(x) = x**3 + x**2 - 4*x. Let y be i(2). What is the remainder when 109 is divided by g(y)?
35
Let k(u) = 1457*u - 5694. What is the remainder when 575 is divided by k(4)?
39
Suppose -444*s = -445*s + 4. Suppose 2*c + 5*m - 2*m - 23 = 0, 2*c + m - 13 = 0. What is the remainder when 8/4*30/c is divided by s?
3
Suppose 0 = 34*w - 1467 - 1321. Let u = 92 - w. Let c = 3 - -3. Calculate the remainder when u is divided by